0. What is the greatest common factor of z and 35?
5
Let v(n) = n**3 + 6*n**2 + 5*n + 7. Let o be v(-5). Suppose o*i - 11 = 6*i. What is the greatest common factor of 11 and i?
11
Let q be 1/(-4) - (-85)/4. Let w = 25 - q. Suppose -w*k + 0*k - 20 = -4*v, -3*v - 3 = 3*k. Calculate the greatest common divisor of 2 and v.
2
Suppose 3*j - 4 = 5*p + 54, 39 = 2*j - 3*p. Let a be (2/6)/(2/(-30)). Let k be (9 - -26)*(-9)/a. Calculate the highest common divisor of k and j.
21
Let r be (-14307)/(-57) - 1/1*-1. Calculate the greatest common factor of r and 28.
28
Suppose -2*z + w = -282, -279 = -4*z - 3*w + 275. Suppose -3*y = 7*y - z. What is the greatest common factor of 42 and y?
14
Suppose -5*r = 4*z - 293, -r - 134 = -3*r + 4*z. Calculate the highest common factor of r and 549.
61
Let d(q) = q**3 - q**2 - q + 15. Let t be d(-5). Let j = -80 - t. What is the greatest common divisor of 550 and j?
50
Suppose 0 = 3*x - 46 - 62. Suppose y = -4, 141*y - 138*y - 24 = -4*n. What is the highest common factor of x and n?
9
Suppose 4*v = l - 33, -v + 5*l + 27 = -5*v. Let t be 33/12 + -3 + (-242)/v. What is the greatest common divisor of 330 and t?
30
Let s(x) = 9*x + 35. Let h(z) = -5*z - 17. Let k(j) = 5*h(j) + 3*s(j). Let r be k(-9). Calculate the highest common divisor of 2 and r.
2
Let b = -29 + 59. Let n(j) = 10*j + 65. Let q be n(-5). What is the highest common divisor of b and q?
15
Suppose -5*j + 140 = -5*k, 2*k + 116 = j + 3*j. Let q = -634 + 664. Calculate the greatest common divisor of j and q.
30
Suppose -3*z + 1124 = 10*c - 6*c, -5*z - 2*c = -1892. Calculate the greatest common divisor of 20 and z.
20
Let c be 196/(-3)*(81/6)/(-9). What is the highest common factor of c and 14?
14
Let d(z) be the first derivative of 5*z**3/3 + z**2 - 5*z - 5. Suppose t + 6 = 1. Let f be d(t). Calculate the highest common divisor of 10 and f.
10
Suppose 23*a - 9*a = 2520. Calculate the highest common factor of 36 and a.
36
Suppose -2*y + 3*k + 678 = 0, -1210 - 459 = -5*y + k. Calculate the greatest common factor of 9 and y.
9
Let g = 1793 + -1776. What is the highest common factor of g and 1037?
17
Let u(s) = s**2 + 14*s - 197. Let h be u(11). What is the highest common factor of 12 and h?
6
Suppose -114*h + 3696 = -106*h. Calculate the highest common divisor of 132 and h.
66
Let v be 0 + 2/6 - (-8756)/12. Calculate the greatest common factor of 20 and v.
10
Suppose -4*b - 3 = -23. Suppose -38 + 17 = -2*c - 5*m, -3*c + b*m = 6. Suppose -c*z + 24 = -2*z. Calculate the highest common divisor of z and 24.
24
Let g(t) = t - 8. Let u be g(2). Let y be (-94)/u + ((-10)/(-3))/(-5). Calculate the greatest common factor of 45 and y.
15
Let b be (438/3)/((-3 - 0) + 5). What is the greatest common factor of b and 949?
73
Suppose 11*d + 10 = 87. What is the highest common divisor of d and 301?
7
Let s(c) = 51*c - 171. Let t be s(4). Calculate the greatest common factor of t and 176.
11
Suppose -6*w = -2 - 40. What is the highest common divisor of 553 and w?
7
Suppose 6*z = 18 + 276. Calculate the greatest common divisor of z and 14.
7
Suppose 8*x + 287 = y + 3*x, 1073 = 4*y - 5*x. Let c be 3/(36/y) + 6/36. Calculate the highest common divisor of 11 and c.
11
Suppose o - 4*o + 21 = -3*z, -2*z + 1 = 3*o. Suppose -51 = o*g - 21. Let b be 1 - 1/(2/g). What is the greatest common divisor of b and 12?
6
Let v be 78/36 - 1/6. Suppose v*d + 624 = 5*x - 2*d, -4*d = -16. What is the greatest common factor of x and 16?
16
Let o = 647 - 592. What is the greatest common divisor of 25 and o?
5
Let s = 146 + -69. Let d be 1 - (5 + -37)/1. Calculate the highest common factor of s and d.
11
Let t be 5 + ((-8)/6)/(6/(-918)). Calculate the greatest common factor of 11 and t.
11
Suppose 5*k = -8*h + 3*h - 475, 0 = -2*h - 5*k - 205. Let t be (-14)/(-8) + 2/8 - h. Calculate the greatest common divisor of t and 46.
46
Let a(x) = 15*x + 70. Let u be a(-7). Let s be -4*2*(u/(-20) - 2). Let g = 2 + 16. Calculate the highest common divisor of s and g.
2
Let h(m) = m**3 + 11*m**2 + 8*m - 6. Let d be h(-10). Let n(w) = -2 + 3 - w**2 + 5 + d*w. Let k be n(11). What is the greatest common factor of 26 and k?
13
Let m(g) = -4*g - 44. Let r(j) = 3 - 2 - 6 - 6 - j. Let k(z) = 2*m(z) - 9*r(z). Let c be k(9). Calculate the greatest common factor of c and 30.
10
Suppose -28 = -p - p. Suppose -128 = -2*q + 3*t, -214 = 5*q - 8*q - t. Calculate the greatest common factor of q and p.
14
Let f be (-7 - -6)*72/(-2). What is the greatest common divisor of 996 and f?
12
Let y be 4/(-10) + 108/20. Suppose -w - 46 = -3*w + k, -109 = -5*w + 4*k. What is the highest common factor of y and w?
5
Let a = -16 + 13. Let j be 2/a*2*9. Let o be j/(-1) + (-8 - -7). What is the greatest common divisor of o and 121?
11
Let f = 284 + -273. What is the highest common factor of f and 44?
11
Let i be (1 + 2)/(3/28). Suppose i = 3*l - 3*k - 8, 13 = l - 2*k. Calculate the greatest common factor of l and 77.
11
Suppose -6*a + 45 = -a. Let z be (7/28)/(2/16). Suppose z*k - a = 27. Calculate the greatest common divisor of 6 and k.
6
Suppose -3*l = 3*k - 39, 3*k + 3*l - 57 = 6*l. What is the highest common factor of k and 136?
8
Suppose -103*t = -94*t - 576. What is the highest common factor of t and 528?
16
Let u = 1 - -12. Suppose 9*c + 189 = -0*c. Let i be (-2)/(70/c) + (-322)/(-5). Calculate the highest common factor of u and i.
13
Suppose -28 = -o + 5*z, 2*o + 2*z = 5*z + 21. Suppose 0*m - o*m = -645. Calculate the highest common factor of m and 43.
43
Let k = 991 + -906. Calculate the highest common divisor of 629 and k.
17
Let f = -36 + 15. Let y be 46/138 - 104/(-3). Let b = y + f. Calculate the greatest common divisor of b and 112.
14
Let w be ((-62)/(-8))/(13/52). Let b = 530 + -375. What is the highest common divisor of b and w?
31
Let o(h) = 3*h + 6. Let p = 1 + 1. Let m be o(p). What is the greatest common factor of m and 192?
12
Suppose -2*r + 210 = -222. Let m = 21 - 14. Let d be (-16 + m)*(1 - 4). Calculate the greatest common divisor of d and r.
27
Let q = 1392 - 1248. Calculate the highest common factor of 81 and q.
9
Let l = 9 - -1. Let q be (-4 - (-15)/l)*-40. Let z(t) = -t**3 + 8*t**2 - 10*t - 5. Let m be z(5). What is the highest common factor of q and m?
20
Suppose 152 = -23*r + 24*r. Let m = -35 + -6. Let w = -22 - m. Calculate the highest common divisor of w and r.
19
Suppose y + 2 = -3*h - 1, -3*h - 48 = -4*y. Let m = -1 + y. Suppose 0 = -r - 4*o + m, r = -3*r - 3*o + 32. What is the greatest common divisor of 2 and r?
2
Suppose -t - v + 13 = t, 3*t - 26 = 5*v. Suppose -t*y + 4*y = -6. Calculate the greatest common factor of 2 and y.
2
Let d be ((-42)/5)/(234/(-3120)). Let u be 3*(-3 - -2) + -2. Let m be (u + 4)/(2/(-28)). Calculate the highest common factor of d and m.
14
Suppose 18*s = 16 + 20. Let a = 192 - 158. What is the highest common divisor of s and a?
2
Suppose -j = -5, 0*u + 3*u + 5*j - 2221 = 0. Let y = u + -424. Let s = 89 + -61. Calculate the greatest common divisor of y and s.
28
Let h(s) = s**2 + 3*s - 3. Let q be h(-4). Let d be (-9 - -8)/(q/(-5)). Calculate the greatest common divisor of 45 and d.
5
Let n(q) = 6*q - 166. Let a be n(33). Calculate the greatest common divisor of 8 and a.
8
Suppose -1248 = -38*r + 1412. What is the greatest common divisor of 40 and r?
10
Suppose 0 = 2*p - 0*s + s, 5*s + 14 = -3*p. Suppose p*o - 528 = -4*o. What is the greatest common factor of o and 8?
8
Let b be (-10)/2*(-12)/15. Let j be 47 + 4/((-8)/2) - 2. Suppose -b*w + j = -4. What is the highest common divisor of w and 18?
6
Suppose -v + 45 = 2*v. Let k be ((-17)/(-5))/(3/v). Suppose -2*m - 6 - 2 = 0, 0 = 5*y - 3*m - 267. What is the greatest common divisor of y and k?
17
Let m be (-100)/(-7) - (-6)/(-21). Let d(s) = -3*s**2 + 44*s - 8. Let r be d(m). Calculate the highest common factor of 5 and r.
5
Suppose 93*t - 3*u - 6928 = 89*t, -4*u + 3442 = 2*t. What is the highest common factor of t and 182?
91
Let f be (-2 + 5)/((-5)/(-150)). Suppose -2*g + 5 - 55 = 0. Let i = 55 + g. What is the greatest common divisor of i and f?
30
Let b = 12 + -9. Let y be (-5)/(-10) - b/2. Let q be y*34*(-5)/10. What is the highest common divisor of q and 153?
17
Suppose 0 = 55*c + 913 - 3113. Calculate the greatest common facto